rivative of h**7/840 - 11*h**6/360 - 13*h**5/120 - 218*h**3/3 - 277. Let x(b) be the third derivative of s(b). Give x(12).
-12
Let z(a) = 20*a + 42. Let c = 21256 - 21258. What is z(c)?
2
Let d be ((-116)/870)/((-5)/75). Let j(g) = 6*g**3 - 4*g**2 + 2*g - 4. Calculate j(d).
32
Let v(w) be the first derivative of w**3/3 + 7*w**2/2 + 9*w + 90. Suppose -3*s - 18 = -0. Give v(s).
3
Let u(z) be the first derivative of z - 1/3*z**3 - 4*z**2 - 95. Calculate u(-9).
-8
Let v be -8 - (0 + 0/(-1)). Let z(b) = 7*b + 468 - b**3 - 7*b**2 + 468 - 1399 + 469. Give z(v).
14
Let a(x) be the second derivative of x**3/6 - 17*x**2/2 + 72*x. Give a(-5).
-22
Let q(w) be the first derivative of -w**2/2 - 26*w + 1825. Calculate q(13).
-39
Let u(f) = 41 + 45 - 85 + f - 7*f**2. Let r be ((-630)/144)/(-35)*-8. Calculate u(r).
-7
Let s(q) = -65*q - 22. Let z(j) = 65*j + 21. Let b(v) = 9*s(v) + 10*z(v). Determine b(0).
12
Let o(g) = -6*g + 17 - 3*g + g. Let z(h) = -12*h + 26. Let f = -106 + 98. Let b(q) = f*o(q) + 5*z(q). Calculate b(4).
10
Let w be (-35)/3 - 17/51. Let b(f) = -f**2 - 15*f - 42. Let d be b(w). Let i(u) = u**3 + 5*u**2 - 5*u + 6. Give i(d).
0
Let s(z) = -z**3 - 4*z**2 + 3*z + 12. Suppose 0 = 532*x - 275*x - 290*x. Determine s(x).
12
Suppose -52 = o - 57. Suppose -2*t + 3*q - 2 + 0 = 0, -o*t + 29 = q. Let b(y) = y**3 - 3*y**2 - 6*y - 4. Give b(t).
16
Let b(f) = 51*f**2 - 9*f + 2. Let t(g) = 281*g**2 - 48*g + 11. Let r(u) = -22*b(u) + 4*t(u). Let o(i) = i**3 + 4*i**2 - 4*i + 1. Let l be o(-5). Calculate r(l).
8
Let p(s) = 2 - s**3 - s**2 + 0 - 3. Let c be (70 - 76)*(-1)/(-3). Determine p(c).
3
Let i = 31 + -29. Suppose 4 = -4*v, -i*k + 0*k - 3*v = -3. Let p(m) = -m + k - 6*m**2 + 2*m**2 + 3*m + 3*m**2. Give p(3).
0
Let i(a) = a**3 - 43*a + 90. Let m be i(5). Let n(u) = 2*u**2 + 2*u + 13. What is n(m)?
13
Let p(u) be the first derivative of -u**4/4 - 5*u**3/3 + u**2 + 11*u - 1. Let d(j) = -2475*j + 19795. Let g be d(8). Determine p(g).
1
Let l = 67 - -11. Let g = l + -117. Let f = -41 - g. Let j(y) = -y**3 - 2*y**2 - 3*y. Give j(f).
6
Let n(p) be the second derivative of p**5/20 - 7*p**3/6 - 13*p**2/2 - 2*p - 38. Calculate n(-2).
-7
Let b(f) = -f**3 - 16*f**2 - 15*f - 12. Let s(j) = j**3 - 16*j**2 - 20*j - 13. Let u be s(15). Let y = u + 523. Give b(y).
-12
Let u(k) be the second derivative of k**3/6 - 5*k**2/2 + 2*k. Let r be 6 - (3 - 1)/2. Suppose -r*l - 2*s - 2*s = -8, 4 = -5*l + 2*s. What is u(l)?
-5
Let i(h) = -5*h**2 - 304*h - 3 + 159*h + 158*h. Let n(p) = -4*p**2 + 12*p - 4. Let b(j) = -3*i(j) + 4*n(j). Determine b(7).
7
Let j be 951/(-21) - (-3 - (-19)/7). Let b = j - 39. Let c be (-10)/6 + (b/(-18))/7. Let d(p) = -2*p**3 + 2*p**2 - 1. Determine d(c).
3
Let r(w) = w**2 + 12. Let j be r(0). Let k = -16 + j. Let b(v) be the third derivative of v**4/12 + v**3/2 + 120*v**2 - v. What is b(k)?
-5
Let l(n) be the first derivative of -4*n**2 - 1/3*n**3 + 4*n - 5. Let s(x) = -x**2 + x - 8. Let w be s(0). Determine l(w).
4
Let g(v) = -v**2 + 3*v - 3. Let z = 180 - 108. Suppose 4*r = 4*h + z, 17 = -4*h - 4*r - 87. Let i be (-66)/h*(-1)/((-6)/8). What is g(i)?
-7
Suppose c + 4*x = -17, 4*c + 8*x - 7*x = -38. Let y(m) = m**3 + 6*m**2 - 28*m - 8. Calculate y(c).
1
Let v(q) = q**3 + 23*q**2 - 73*q + 142. Let g be v(-26). Let p(d) = 5*d - 64. Calculate p(g).
-4
Suppose -1 = -7*p + 20. Let h(b) = 7 - 7*b + 8*b**2 + 113*b**p - 231*b**3 + 119*b**3. Calculate h(-9).
-11
Let r(k) = k**3 + 31*k**2 + 32*k + 6. Let s(b) = 737*b - 22140. Let u be s(30). Calculate r(u).
-54
Let s(l) = 2*l**3 + 3*l + 1. Let m(j) = -18*j**3 - 28*j**2 - 33*j + 25. Let d(g) = m(g) + 10*s(g). Calculate d(14).
-7
Let o(m) = -4*m**2 - 19*m - 20. Let y(w) = -5 - 59*w - 62*w - w**2 - 67*w + 183*w. Let u(x) = 2*o(x) - 9*y(x). Give u(-4).
-7
Let l(x) be the first derivative of -4*x**3/3 - 10*x**2 - x + 1614. Calculate l(-6).
-25
Let c(b) = -2*b**2 + 26*b + 18. Let d be ((-130)/25 + 1)*80/(-24). Give c(d).
-10
Let k(s) be the second derivative of -s**5/20 + 5*s**4/12 - s**3/2 + 3*s**2 + 3*s. Suppose 169*u + 473 = 1318. Determine k(u).
-9
Let z(d) = -d**2 - 12*d + 26. Let s be 1/((-15)/153) - 57/(-285). Determine z(s).
46
Let b(v) be the third derivative of -v**5/30 + 47*v**4/24 + 23*v**3/6 - 4793*v**2. What is b(24)?
-1
Suppose 2*m + 4 = -10*y, y + 26 + 50 = 4*m. Let n(k) = 3*k**2 - 53*k - 5. Calculate n(m).
13
Let d(g) = 8*g - 9 - 3*g + 3*g + 0*g. Let x(q) = 3*q - 4. Let r(z) = -2*d(z) + 5*x(z). Let i = -7 + 11. Determine r(i).
-6
Let z(s) be the first derivative of s**3/3 + s**2/2 + 2*s - 5. Let b = 46 - 38. Suppose 0 = -b*a - 8*a - 48. Give z(a).
8
Let i(l) = -38*l - 2. Let d(g) = -14*g - 1. Let v(n) = -8*d(n) + 3*i(n). Let y = 9 - 11. Determine v(y).
6
Let f = -16534 - -16534. Let g(s) = 3*s + 2. Let c(b) = 2*b + 3. Let i(n) = 4*c(n) - 3*g(n). What is i(f)?
6
Let d(h) = h**3 - 4*h**2 - 2*h - 7. Let w be d(5). Let y(l) = -w - l**2 - 7 - 20 + 4*l + 11*l. Let v be y(12). Let j(m) = 9*m. Calculate j(v).
9
Suppose -4*h = -12, -3*h + 95 = -5*v - 4. Let l(a) = a**2 + 17*a - 26. Give l(v).
-8
Let d(a) = -2*a - 4. Suppose 54*v - 750 = 59*v. Let j = v + 157. Calculate d(j).
-18
Let j(h) = -5*h**2 - 174*h + 27. Let n be j(-35). Let k(q) = -q - 13. Give k(n).
-5
Let t(m) be the first derivative of 2*m**3/3 - 27*m**2 + 36*m + 1364. What is t(26)?
-16
Suppose i = 120 - 117. Let y(n) = 15*n**2 + 4 - 19*n**2 - i*n - 2. What is y(2)?
-20
Let j = -59871 - -59876. Let w(p) = 5*p - 2. Let c(o) = 9*o - 5. Suppose z - 4 = 3. Let i(x) = z*w(x) - 4*c(x). Calculate i(j).
1
Let c(o) be the third derivative of 1/30*o**5 - 5/24*o**4 + 0 + 0*o - 2/3*o**3 + o**2. Suppose 2*n - 28 = -4*k, -24*k + 29*k - 25 = 0. Calculate c(n).
8
Let x(c) = -13*c**2 + 114*c - 13. Let v(q) = -36*q**2 + 321*q - 40. Let p(z) = -3*v(z) + 8*x(z). Determine p(12).
-20
Let y(a) be the third derivative of -1/24*a**4 + 0*a**3 + 1/30*a**5 + 1 + 0*a + 1/60*a**6 + 34*a**2. Determine y(-2).
-6
Suppose 0 = 12*d - 14*d - 4. Let j be d + (13 - 4) - 1. Suppose -4*c + j*c = -6. Let q(x) = -x**2 - 3*x + 3. Calculate q(c).
3
Let d be (-4)/6*-1*(-150)/100. Let a(i) = i**3 + 12*i**2 - 4*i - 20. Let v(n) = n + 2. Let b(u) = d*a(u) - 5*v(u). Calculate b(-12).
22
Let d be (56/24)/((-1)/6). Let p = d + 16. Suppose -p*y = -3*o - 2, -y = -1 - 3. Let w(m) = -m**3 + 2*m**2 + m - 1. What is w(o)?
1
Let a(j) = -133*j**3 - 129*j**3 - 131*j**3 + 392*j**3 - 14*j**2 + 17*j + 17. Determine a(-15).
-13
Let z(a) = -a**2 + 0*a + 7*a**2 + 2*a - a**3 + 46 + 37*a**2 - 3*a. Give z(43).
3
Suppose -5*v = 5*n - 3*v + 27, 5*n = 4*v - 51. Let x(q) = 51 + 48 + 79*q**2 - q**3 - 6*q - 87*q**2 - 85. Let s be x(n). Let c(y) = -2*y + 9. What is c(s)?
-5
Let x(h) = 29*h - 204. Let y(p) = -15*p + 101. Let b(w) = 3*x(w) + 5*y(w). Calculate b(9).
1
Let y(s) be the first derivative of 0*s - 29 + 0*s**2 + 1/3*s**3. Let b = -4 - -4. What is y(b)?
0
Let l(z) = 0*z - z**2 - 1 + 5*z + 4*z - 6*z - z. Let v = 4 - -6. Suppose 0 = -h - 4*h + v. Calculate l(h).
-1
Suppose 4*n - 299 = -203. Suppose -155*u + 151*u = -n. Let l(q) = -q + 10. What is l(u)?
4
Let d(z) = -43*z - 3. Let g(j) = 29*j + 2. Let r(o) = -5*d(o) - 8*g(o). Let c(x) = 1. Let a(u) = -c(u) + r(u). Calculate a(2).
-36
Let t(x) be the second derivative of 2*x**3/3 - 3*x**2/2 + 873*x. Let j(a) = a**3 - 2*a**2 + 3*a - 4. Let l be j(2). Give t(l).
5
Let f(q) = q**2 - 17*q + 18. Let p be f(16). Suppose -2*d = p*u - 8, 4*u + 10 = d + 2*u. Let j(a) be the first derivative of -a**2/2 + 8*a - 1. Calculate j(d).
2
Let r(z) = -7*z + 6. Let d be (-47)/3 + 5/(-15). Let p be 2/d*-38 - 16/(-64). Determine r(p).
-29
Suppose -4*r - 3*x = -2, 3*r - 2 + 1 = -2*x. Let n(s) be the first derivative of -s - 161 - 3/2*s**2. What is n(r)?
2
Let o(k) = -3*k**2 - 69*k - 13. Suppose 5*f = -4*z - 77, -4*f - 182 + 125 = 3*z. Give o(z).
-13
Let k = 7098 + -7114. Let d(j) = -j**3 - 17*j**2 - 19*j + 18. Determine d(k).
66
Let p(i) = 221*i - 15. Let g(q) = -27*q + 2. Let z(a) = 9*g(a) + p(a). Determine z(0).
3
Let n = 1/5864 + 5861/17592. Let u(j) be the third derivative of n*j**3 + 39*j**2 + 0*j + 0 + 1/24*j**4. Determine u(-2).
0
Let w(o) = -5*o + 1. Let s = -13 + 26. Let k = -1037 - -1026. Let d = s + k. What is w(d)?
-9
Let u(n) be the third derivative of -n**4/24 - 5*n**3/6 + 61